{"id":821,"date":"2018-01-09T18:56:16","date_gmt":"2018-01-09T23:56:16","guid":{"rendered":"http:\/\/tangoquebec.ca\/?post_type=tribe_organizer&#038;p=821"},"modified":"2018-01-09T18:56:16","modified_gmt":"2018-01-09T23:56:16","slug":"les-salons-dedgar","status":"publish","type":"tribe_organizer","link":"https:\/\/tangoquebec.org\/index.php\/organisateur\/les-salons-dedgar\/","title":{"rendered":"Les Salons d&rsquo;Edgar"},"content":{"rendered":"<p>Apr\u00e8s 20 ans d&rsquo;existence, Les Salons d&rsquo;Edgar sont devenus une r\u00e9f\u00e9rence \u00e0 Qu\u00e9bec. Situ\u00e9s dans le quartier St-Roch, la client\u00e8le est \u00e0 l&rsquo;image des activit\u00e9s du secteur. Artistes, \u00e9tudiants, travailleurs s&rsquo;y donnent rendez-vous. Que ce soit pour sa cuisine, son bar, son salon de billard, ses 5 \u00e0 7, ses f\u00eates de groupe ou ses nuits anim\u00e9es, l&rsquo;endroit est couru pour la qualit\u00e9 de son service et son ambiance urbaine.<\/p>\n<p>Tous les dimanches depuis pr\u00e8s de 20 ans, la salle \u00e0 manger est r\u00e9am\u00e9nag\u00e9e pour cr\u00e9er une piste de danse o\u00f9 voltigent tanguero et tangueras de la r\u00e9gion.<\/p>\n","protected":false},"excerpt":{"rendered":"<p>Apr\u00e8s 20 ans d&rsquo;existence, Les Salons d&rsquo;Edgar sont devenus une r\u00e9f\u00e9rence \u00e0 Qu\u00e9bec. Situ\u00e9s dans le quartier St-Roch, la client\u00e8le est \u00e0 l&rsquo;image des activit\u00e9s du secteur. Artistes, \u00e9tudiants, travailleurs s&rsquo;y donnent rendez-vous. Que ce soit pour sa cuisine, son bar, son salon de billard, ses 5 \u00e0 7, ses f\u00eates de groupe ou ses\u2026<\/p>\n","protected":false},"author":1,"featured_media":817,"template":"","meta":{"footnotes":""},"class_list":["post-821","tribe_organizer","type-tribe_organizer","status-publish","has-post-thumbnail","hentry"],"_links":{"self":[{"href":"https:\/\/tangoquebec.org\/index.php\/wp-json\/wp\/v2\/tribe_organizer\/821","targetHints":{"allow":["GET"]}}],"collection":[{"href":"https:\/\/tangoquebec.org\/index.php\/wp-json\/wp\/v2\/tribe_organizer"}],"about":[{"href":"https:\/\/tangoquebec.org\/index.php\/wp-json\/wp\/v2\/types\/tribe_organizer"}],"author":[{"embeddable":true,"href":"https:\/\/tangoquebec.org\/index.php\/wp-json\/wp\/v2\/users\/1"}],"version-history":[{"count":0,"href":"https:\/\/tangoquebec.org\/index.php\/wp-json\/wp\/v2\/tribe_organizer\/821\/revisions"}],"wp:featuredmedia":[{"embeddable":true,"href":"https:\/\/tangoquebec.org\/index.php\/wp-json\/wp\/v2\/media\/817"}],"wp:attachment":[{"href":"https:\/\/tangoquebec.org\/index.php\/wp-json\/wp\/v2\/media?parent=821"}],"curies":[{"name":"wp","href":"https:\/\/api.w.org\/{rel}","templated":true}]}}

<p>Après 20 ans d&rsquo;existence, Les Salons d&rsquo;Edgar sont devenus une référence à Québec. Situés dans le quartier St-Roch, la clientèle est à l&rsquo;image des activités du secteur. Artistes, étudiants, travailleurs s&rsquo;y donnent rendez-vous. Que ce soit pour sa cuisine, son bar, son salon de billard, ses 5 à 7, ses fêtes de groupe ou ses nuits animées, l&rsquo;endroit est couru pour la qualité de son service et son ambiance urbaine.</p>
<p>Tous les dimanches depuis près de 20 ans, la salle à manger est réaménagée pour créer une piste de danse où voltigent tanguero et tangueras de la région.</p>

<p>Après 20 ans d&rsquo;existence, Les Salons d&rsquo;Edgar sont devenus une référence à Québec. Situés dans le quartier St-Roch, la clientèle est à l&rsquo;image des activités du secteur. Artistes, étudiants, travailleurs s&rsquo;y donnent rendez-vous. Que ce soit pour sa cuisine, son bar, son salon de billard, ses 5 à 7, ses fêtes de groupe ou ses…</p>
