{"id":7689,"date":"2021-07-18T20:26:11","date_gmt":"2021-07-19T00:26:11","guid":{"rendered":"http:\/\/tangoquebec.org\/?post_type=tribe_events&#038;eventDate=2022-07-20#038;eventDate=2021-09-01#038;p=7076"},"modified":"2022-07-18T11:24:20","modified_gmt":"2022-07-18T15:24:20","slug":"milonga-exterieure-de-tango-quebec-2021-09-01-2022-07-20","status":"publish","type":"tribe_events","link":"https:\/\/tangoquebec.org\/index.php\/calendrier\/milonga-exterieure-de-tango-quebec-2021-09-01-2022-07-20\/","title":{"rendered":"Annulation Milonga ext\u00e9rieure Tango Qu\u00e9bec"},"content":{"rendered":"<p class=\"x_MsoNormal\">Ch\u00e8res milongueras, chers tangueros,<\/p>\n<p class=\"x_MsoNormal\">Nous devons annuler notre milonga estivale sur la terrasse de la Place Fleur de Lys, ce mercredi 20 juillet et possiblement la suivante, le 27 juillet 2022. On nous avise ce lundi matin que quelques un-es parmi nous ont re\u00e7u une confirmation de\u00a0<b>test positif<\/b>\u00a0\u00e0 la COVID-19, y compris certain-es qui \u00e9taient pr\u00e9sent-es mercredi dernier.<\/p>\n<p class=\"x_MsoNormal\">Souhaitons-leur un prompt r\u00e9tablissement, de faibles s\u00e9quelles et de pr\u00e9server leurs proches par des mesures de confinement ad\u00e9quates. \u00c0 ce propos, il se peut que nous devions r\u00e9tablir certaines contraintes (ex.\u00a0: inscription des pr\u00e9sences, couples ferm\u00e9s) lors des milongas suivantes, compte tenu de la r\u00e9surgence d\u2019une septi\u00e8me vague de propagation de ce virus.<\/p>\n<p class=\"x_MsoNormal\">Soyez prudent-es.<\/p>\n<p class=\"x_MsoNormal\"><b><i>Ya\u00efves Ferland<\/i><\/b>,<\/p>\n<p class=\"x_MsoNormal\">pr\u00e9sident par int\u00e9rim,<\/p>\n<p class=\"x_MsoNormal\"><i>Tango Qu\u00e9bec<\/i><\/p>\n","protected":false},"excerpt":{"rendered":"<p>Ch\u00e8res milongueras, chers tangueros, Nous devons annuler notre milonga estivale sur la terrasse de la Place Fleur de Lys, ce mercredi 20 juillet et possiblement la suivante, le 27 juillet 2022. On nous avise ce lundi matin que quelques un-es parmi nous ont re\u00e7u une confirmation de\u00a0test positif\u00a0\u00e0 la COVID-19, y compris certain-es qui \u00e9taient\u2026<\/p>\n","protected":false},"author":5,"featured_media":7077,"template":"","meta":{"_tribe_events_status":"","_tribe_events_status_reason":"","footnotes":""},"tags":[],"tribe_events_cat":[13],"class_list":["post-7689","tribe_events","type-tribe_events","status-publish","has-post-thumbnail","hentry","tribe_events_cat-milonga","cat_milonga"],"_links":{"self":[{"href":"https:\/\/tangoquebec.org\/index.php\/wp-json\/wp\/v2\/tribe_events\/7689","targetHints":{"allow":["GET"]}}],"collection":[{"href":"https:\/\/tangoquebec.org\/index.php\/wp-json\/wp\/v2\/tribe_events"}],"about":[{"href":"https:\/\/tangoquebec.org\/index.php\/wp-json\/wp\/v2\/types\/tribe_events"}],"author":[{"embeddable":true,"href":"https:\/\/tangoquebec.org\/index.php\/wp-json\/wp\/v2\/users\/5"}],"version-history":[{"count":2,"href":"https:\/\/tangoquebec.org\/index.php\/wp-json\/wp\/v2\/tribe_events\/7689\/revisions"}],"predecessor-version":[{"id":7825,"href":"https:\/\/tangoquebec.org\/index.php\/wp-json\/wp\/v2\/tribe_events\/7689\/revisions\/7825"}],"wp:featuredmedia":[{"embeddable":true,"href":"https:\/\/tangoquebec.org\/index.php\/wp-json\/wp\/v2\/media\/7077"}],"wp:attachment":[{"href":"https:\/\/tangoquebec.org\/index.php\/wp-json\/wp\/v2\/media?parent=7689"}],"wp:term":[{"taxonomy":"post_tag","embeddable":true,"href":"https:\/\/tangoquebec.org\/index.php\/wp-json\/wp\/v2\/tags?post=7689"},{"taxonomy":"tribe_events_cat","embeddable":true,"href":"https:\/\/tangoquebec.org\/index.php\/wp-json\/wp\/v2\/tribe_events_cat?post=7689"}],"curies":[{"name":"wp","href":"https:\/\/api.w.org\/{rel}","templated":true}]}}

Annulation Milonga extérieure Tango Québec

<p class="x_MsoNormal">Chères milongueras, chers tangueros,</p>
<p class="x_MsoNormal">Nous devons annuler notre milonga estivale sur la terrasse de la Place Fleur de Lys, ce mercredi 20 juillet et possiblement la suivante, le 27 juillet 2022. On nous avise ce lundi matin que quelques un-es parmi nous ont reçu une confirmation de <b>test positif</b> à la COVID-19, y compris certain-es qui étaient présent-es mercredi dernier.</p>
<p class="x_MsoNormal">Souhaitons-leur un prompt rétablissement, de faibles séquelles et de préserver leurs proches par des mesures de confinement adéquates. À ce propos, il se peut que nous devions rétablir certaines contraintes (ex. : inscription des présences, couples fermés) lors des milongas suivantes, compte tenu de la résurgence d’une septième vague de propagation de ce virus.</p>
<p class="x_MsoNormal">Soyez prudent-es.</p>
<p class="x_MsoNormal"><b><i>Yaïves Ferland</i></b>,</p>
<p class="x_MsoNormal">président par intérim,</p>
<p class="x_MsoNormal"><i>Tango Québec</i></p>

<p>Chères milongueras, chers tangueros, Nous devons annuler notre milonga estivale sur la terrasse de la Place Fleur de Lys, ce mercredi 20 juillet et possiblement la suivante, le 27 juillet 2022. On nous avise ce lundi matin que quelques un-es parmi nous ont reçu une confirmation de test positif à la COVID-19, y compris certain-es qui étaient…</p>
