{"id":7681,"date":"2022-06-05T15:46:28","date_gmt":"2022-06-05T19:46:28","guid":{"rendered":"https:\/\/tangoquebec.org\/?post_type=tribe_events&#038;p=7681"},"modified":"2022-06-10T09:31:23","modified_gmt":"2022-06-10T13:31:23","slug":"soiree-ouverture-fleur-de-lys","status":"publish","type":"tribe_events","link":"https:\/\/tangoquebec.org\/index.php\/calendrier\/soiree-ouverture-fleur-de-lys\/","title":{"rendered":"Annulation Soir\u00e9e ouverture Fleur de Lys"},"content":{"rendered":"<p>L&rsquo;activit\u00e9 \u00e0 Place Fleur de Lys est annul\u00e9e par les organisateurs.<\/p>\n<p>Nouis sommes d\u00e9sol\u00e9s, on se voit mercredi prochain.<\/p>\n","protected":false},"excerpt":{"rendered":"<p>Vendredi 10 juin, Soir\u00e9e d&rsquo;ouverture officielle du parc ext\u00e9rieur \u00e0 Fleur de Lys<\/p>\n","protected":false},"author":5,"featured_media":0,"template":"","meta":{"_tribe_events_status":"","_tribe_events_status_reason":"","footnotes":""},"tags":[],"tribe_events_cat":[18,13],"class_list":["post-7681","tribe_events","type-tribe_events","status-publish","hentry","tribe_events_cat-evenement-special","tribe_events_cat-milonga","cat_evenement-special","cat_milonga"],"_links":{"self":[{"href":"https:\/\/tangoquebec.org\/index.php\/wp-json\/wp\/v2\/tribe_events\/7681","targetHints":{"allow":["GET"]}}],"collection":[{"href":"https:\/\/tangoquebec.org\/index.php\/wp-json\/wp\/v2\/tribe_events"}],"about":[{"href":"https:\/\/tangoquebec.org\/index.php\/wp-json\/wp\/v2\/types\/tribe_events"}],"author":[{"embeddable":true,"href":"https:\/\/tangoquebec.org\/index.php\/wp-json\/wp\/v2\/users\/5"}],"version-history":[{"count":4,"href":"https:\/\/tangoquebec.org\/index.php\/wp-json\/wp\/v2\/tribe_events\/7681\/revisions"}],"predecessor-version":[{"id":7699,"href":"https:\/\/tangoquebec.org\/index.php\/wp-json\/wp\/v2\/tribe_events\/7681\/revisions\/7699"}],"wp:attachment":[{"href":"https:\/\/tangoquebec.org\/index.php\/wp-json\/wp\/v2\/media?parent=7681"}],"wp:term":[{"taxonomy":"post_tag","embeddable":true,"href":"https:\/\/tangoquebec.org\/index.php\/wp-json\/wp\/v2\/tags?post=7681"},{"taxonomy":"tribe_events_cat","embeddable":true,"href":"https:\/\/tangoquebec.org\/index.php\/wp-json\/wp\/v2\/tribe_events_cat?post=7681"}],"curies":[{"name":"wp","href":"https:\/\/api.w.org\/{rel}","templated":true}]}}

Annulation Soirée ouverture Fleur de Lys

<p>L&rsquo;activité à Place Fleur de Lys est annulée par les organisateurs.</p>
<p>Nouis sommes désolés, on se voit mercredi prochain.</p>

<p>Vendredi 10 juin, Soirée d&rsquo;ouverture officielle du parc extérieur à Fleur de Lys</p>
