{"id":12059,"date":"2026-09-01T18:37:50","date_gmt":"2026-09-01T22:37:50","guid":{"rendered":"https:\/\/tangoquebec.org\/?post_type=tribe_events&#038;p=12059"},"modified":"2026-09-01T18:37:50","modified_gmt":"2026-09-01T22:37:50","slug":"pratique-tu-y-yo-tango-ouverte-a-toutes-et-a-tous","status":"publish","type":"tribe_events","link":"https:\/\/tangoquebec.org\/index.php\/calendrier\/pratique-tu-y-yo-tango-ouverte-a-toutes-et-a-tous\/","title":{"rendered":"Pratique Tu y Yo Tango : ouverte \u00e0 toutes et \u00e0 tous"},"content":{"rendered":"<p class=\"v1gmail-p5\">Cet automne, T\u00fa y Yo Tango organise pour la premi\u00e8re fois une pratique hebdomadaire ouverte \u00e0 nos \u00e9l\u00e8ves, \u00e0 ceux et celles des autres \u00e9coles, ainsi qu&rsquo;\u00e0 l&rsquo;ensemble de la communaut\u00e9 tango de Qu\u00e9bec. C&rsquo;est l&rsquo;occasion de mettre en pratique vos connaissances dans un espace d\u00e9tendu et convivial, tout en rencontrant d&rsquo;autres danseuses et danseurs de Qu\u00e9bec.<\/p>\n<p class=\"v1gmail-p5\"><b>HORAIRE<\/b><\/p>\n<p class=\"v1gmail-p5\">Du 18 septembre au 23 octobre<br \/>\nDe 20h30 \u00e0 22h<\/p>\n<p class=\"v1gmail-p5\"><b>TARIFS<\/b><\/p>\n<p class=\"v1gmail-p5\">5$ pour les \u00e9l\u00e8ves de T\u00fa y Yo Tango<br \/>\n10$ pour les autres participants<\/p>\n","protected":false},"excerpt":{"rendered":"<p>Cet automne, T\u00fa y Yo Tango organise pour la premi\u00e8re fois une pratique hebdomadaire ouverte \u00e0 nos \u00e9l\u00e8ves, \u00e0 ceux et celles des autres \u00e9coles, ainsi qu&rsquo;\u00e0 l&rsquo;ensemble de la communaut\u00e9 tango de Qu\u00e9bec. C&rsquo;est l&rsquo;occasion de mettre en pratique vos connaissances dans un espace d\u00e9tendu et convivial, tout en rencontrant d&rsquo;autres danseuses et danseurs\u2026<\/p>\n","protected":false},"author":5,"featured_media":12060,"template":"","meta":{"_tribe_events_status":"","_tribe_events_status_reason":"","footnotes":""},"tags":[],"tribe_events_cat":[14],"class_list":["post-12059","tribe_events","type-tribe_events","status-publish","has-post-thumbnail","hentry","tribe_events_cat-practica","cat_practica"],"_links":{"self":[{"href":"https:\/\/tangoquebec.org\/index.php\/wp-json\/wp\/v2\/tribe_events\/12059","targetHints":{"allow":["GET"]}}],"collection":[{"href":"https:\/\/tangoquebec.org\/index.php\/wp-json\/wp\/v2\/tribe_events"}],"about":[{"href":"https:\/\/tangoquebec.org\/index.php\/wp-json\/wp\/v2\/types\/tribe_events"}],"author":[{"embeddable":true,"href":"https:\/\/tangoquebec.org\/index.php\/wp-json\/wp\/v2\/users\/5"}],"version-history":[{"count":1,"href":"https:\/\/tangoquebec.org\/index.php\/wp-json\/wp\/v2\/tribe_events\/12059\/revisions"}],"predecessor-version":[{"id":12061,"href":"https:\/\/tangoquebec.org\/index.php\/wp-json\/wp\/v2\/tribe_events\/12059\/revisions\/12061"}],"wp:featuredmedia":[{"embeddable":true,"href":"https:\/\/tangoquebec.org\/index.php\/wp-json\/wp\/v2\/media\/12060"}],"wp:attachment":[{"href":"https:\/\/tangoquebec.org\/index.php\/wp-json\/wp\/v2\/media?parent=12059"}],"wp:term":[{"taxonomy":"post_tag","embeddable":true,"href":"https:\/\/tangoquebec.org\/index.php\/wp-json\/wp\/v2\/tags?post=12059"},{"taxonomy":"tribe_events_cat","embeddable":true,"href":"https:\/\/tangoquebec.org\/index.php\/wp-json\/wp\/v2\/tribe_events_cat?post=12059"}],"curies":[{"name":"wp","href":"https:\/\/api.w.org\/{rel}","templated":true}]}}

Pratique Tu y Yo Tango : ouverte à toutes et à tous

<p class="v1gmail-p5">Cet automne, Tú y Yo Tango organise pour la première fois une pratique hebdomadaire ouverte à nos élèves, à ceux et celles des autres écoles, ainsi qu&rsquo;à l&rsquo;ensemble de la communauté tango de Québec. C&rsquo;est l&rsquo;occasion de mettre en pratique vos connaissances dans un espace détendu et convivial, tout en rencontrant d&rsquo;autres danseuses et danseurs de Québec.</p>
<p class="v1gmail-p5"><b>HORAIRE</b></p>
<p class="v1gmail-p5">Du 18 septembre au 23 octobre<br />
De 20h30 à 22h</p>
<p class="v1gmail-p5"><b>TARIFS</b></p>
<p class="v1gmail-p5">5$ pour les élèves de Tú y Yo Tango<br />
10$ pour les autres participants</p>

<p>Cet automne, Tú y Yo Tango organise pour la première fois une pratique hebdomadaire ouverte à nos élèves, à ceux et celles des autres écoles, ainsi qu&rsquo;à l&rsquo;ensemble de la communauté tango de Québec. C&rsquo;est l&rsquo;occasion de mettre en pratique vos connaissances dans un espace détendu et convivial, tout en rencontrant d&rsquo;autres danseuses et danseurs…</p>
